 35) + -49.
-11
-7 + -2 + (279 - 254) + -17
-1
What is the value of 78 + -171 + (-2 - 3 - (11 - (-6 - -7)))?
-108
Calculate -27 - -26 - (-18 + -72).
89
95 - (35 + 64) - 88
-92
Calculate (867 - 854) + 0 + (-1 - 0) + (6 - 2).
16
What is the value of -3277 + 3323 + (1 - 46)?
1
Calculate (3 - 10) + -7 + (36 - 16).
6
Evaluate (42 - (33 - -7)) + (-2 - -57 - (24 + -18)).
51
13 - (14 - ((16 - 12) + 5)) - -5
13
What is (3 - ((12 - -2) + 6 + -14)) + -7 - 66?
-76
Calculate (5 - 2) + -7 + 7 + -7 + 3.
-1
1 - (-60 + 0) - (261 - (211 - -66))
77
Evaluate -31 + (57 - (21 + 17)).
-12
Evaluate -17 + -3 + (-11 - -24) + (-10 - 5).
-22
Calculate -22 - 20 - -80 - 21 - (0 - -85).
-68
Calculate -45 + -1 + 8 + (44 - 53).
-47
(0 + -47 - (46 - (51 - 0))) + -10
-52
What is the value of 17 - (-23 + (-23 - -31) + -8)?
40
Calculate 52 - (-66 - -14 - -148).
-44
What is the value of -84 + (96 - -3) + 57?
72
What is (1 - -10) + (-24 - (-9 - 14 - 7))?
17
Evaluate 58 - (31 + -43 + (5 - 7 - -22)).
50
What is 6 + 14 + (-2 - 7) - (-132 + 122)?
21
What is the value of 52 + 0 + (-64 - -54) + (-13 - -29)?
58
Calculate -8 + 54 - (-6 + 3 + 3).
46
What is the value of 12 - (8 + -11) - (15 - -46)?
-46
Calculate 12 + -26 + 6 + 1 + 25 + 20 + -7.
31
Evaluate (30 - (13 + (-41 - -30))) + -15.
13
Calculate -111 - -126 - (24 - 2).
-7
What is -4560 + 4436 - (-205 - 3)?
84
What is the value of 6 + (20 - 37) + 23 + -1 + -7?
4
390 + -428 + -35 + (5 - 1)
-69
Evaluate -1 + -2 - (-14 + -14 + 18).
7
Evaluate -23 + (-10 - -29) + 5 + 18.
19
Calculate 2 + 4 + -1 + 9 + (4 - 2) + -100.
-84
Calculate -85 + 57 + 75 - 16.
31
What is the value of 101 - (-181 - -284) - (2 + 1 - -114)?
-119
(-2 - 75) + (552 - 512) + -57
-94
(-2 - (-3 + -32)) + -103 + 116
46
8 - -112 - (1308 - 1153)
-35
-2 + 6 + -14 - (96 - 103)
-3
Evaluate -27 - (45 + 1 + -39).
-34
Calculate -74 + (203 - 82) + (-1 - -1) + -10.
37
35 + 1 + 9 + -63
-18
Evaluate (-12 - -35) + -29 + 64.
58
What is the value of 14 - (3 - (-21 - -33)) - (0 - (1 + -1))?
23
13 + (-409 - -155) + 144
-97
What is the value of 112 - -1 - (-9426 - -9657)?
-118
What is the value of -98 - -15 - (-75 + 13)?
-21
6 - (1 + 3 + 42 + 34 + -33)
-41
What is the value of 2 - -3 - -5 - (13 - (-30 + 39))?
6
What is 146 - (-36 + 9 - -64) - 12?
97
What is the value of -8 + 11 + 337 + -315?
25
4 - ((-4 - -18) + -5) - (-21 - -4)
12
Evaluate 22 - (88 + -17 - (9 - -14)).
-26
Evaluate -2 + -69 - (-2571 - -2551).
-51
Calculate 213 + -266 - (-29 - 0).
-24
What is the value of 66 - ((28 - -3) + -41)?
76
Calculate 6 + 1 + -10 + -1 + 415 + -276.
135
Calculate (-21 - -10) + 10 - 53 - -21.
-33
What is the value of (981 - 889) + (-40 - (2 - 6))?
56
What is (-31 - (30 + -82)) + -11 - -63?
73
What is the value of 6 + 27 + -10 - 81?
-58
Calculate 24 + -1 + (-14 + 0 - -6) + 2.
17
1 + 2 + -21 - (-436 + 417)
1
Evaluate (5 - 4 - 6) + 3 + 154 + -129.
23
Calculate 4 + -33 - (-2563 - -2668).
-134
Calculate (-1 - 1) + (17 + -1 + -1 + 6 - -13).
32
Evaluate -6 + 6 + (-4 - 17) + 23 + 2.
4
-75 - (64 + -306) - 85
82
(-24 + 15 - -5) + -46
-50
-98 + 64 - (73 + -16)
-91
What is 6 + 0 - ((-77 - -73) + 45) - 2?
-37
1 + -18 - (-2950 + 2973)
-40
What is the value of 851 - 874 - (2 + 1)?
-26
What is the value of (-63 - -42 - -35) + -69 + 3?
-52
What is 7 - (11 + 5 + -8 + 0) - (77 - 18)?
-60
What is -46 - (-39 + (1 + -42 - 74))?
108
Calculate -97 + -3 + 7 + 11 + (24 - 29).
-87
14 + (2 - 2) + -4 - (-5 + 17 - 38)
36
(13 - (8 + 2 + (-4 - -9))) + 56 + 3
57
Calculate -6395 + 6388 + (-4 - 1).
-12
What is 1 + -3 + 73 + -186 + -103 + 290?
72
Calculate (103 + -29 - 42 - 42) + 2 + 1 + -7.
-14
29 + -93 + 62 - -48
46
Calculate -10 - (-13 + 27 + -33 + 3).
6
Calculate -21 - ((11 - -20) + -21 + -26) - -18.
13
(-29 - -31) + -1 + -1 - (-4 + -21 + 6)
19
Calculate (2 - (31 - -5)) + (60 - 69).
-43
Evaluate (-406 - -438) + (1 - 2 - -1 - 12).
20
What is the value of -9 + (-27 + 90 - 10)?
44
What is the value of (39 - 64) + 17 - 7?
-15
What is the value of -2 + (80 - (0 + 0)) + 15 + -15 + -10?
68
1666 + -1647 - (1 - -36)
-18
Calculate (-175 + 161 - -139) + -42.
83
What is the value of (305 - 306) + (12 - -1) + 5 + (-5 - -91)?
103
What is the value of -32 + 0 - (-15 + -7) - (-2 - -3 - 3)?
-8
Evaluate 61 - (-2250 + 2222 - (-16 + 0)).
73
Calculate 1 + (65 - (2 + 22)).
42
What is (20 - 1) + (-216 - -206) - (36 - -10)?
-37
What is the value of (-89 - -330) + -93 + -131?
17
What is (-7 + 22 - 31) + -30 + 53 - -89?
96
Evaluate (0 - 22 - 31) + 7.
-46
What is the value of (68 + -37 - -64) + -32?
63
Calculate -171 + 190 + -4 + 24.
39
What is the value of -28 + 18 + -25 - 11?
-46
Calculate 5 - 7 - (-9 + 10 + 22).
-25
-8 - (28 - (4 + -9 + 10 + 13 + -5))
-23
Calculate -22 + 15 + -13 + 4 + -3 + 46.
27
Calculate -2 - 17 - (-6 + -2) - 18.
-29
What is the value of 31 - 6 - (7 - 6)?
24
-1 - (1 + 2 - (-225 - -214))
-15
Evaluate -18 - (0 + -7) - (91 + (-13 + 4 - -35)).
-128
Evaluate 250 - 335 - (-231 + 7).
139
Evaluate -53 - (19 - 17 - -19 - 39).
-35
What is the value of 20 + 113 + (-13 - (-7 + 32))?
95
Calculate -41 + (-196 + 192 - (-11 - (2 - 3))).
-35
Evaluate -9 + (-41 - (-93 + -5)).
48
What is 2 + 6 - (27 - 32 - -2) - 62?
-51
Calculate (5 - -25) + 19 + -39.
10
What is 4 + -12 - ((1 - (10 - 7)) + -8 - 47)?
49
Evaluate -9 + 1 - (-5 + -2 + -7 + 9).
-3
Calculate -8 - (-93 + (121 - 84)).
48
Calculate -21 + (13 - (12 + -10) - -23).
13
Calculate -3 + (6 - -3) + 23 + (24 + -22 - 67).
-36
What is 1 + -10 + (17801 - 17722)?
70
Evaluate 17 - (19 - ((-5 - 10) + -3)).
-20
Calculate -22 + 16 + (13 - 28).
-21
Evaluate 15 + (-53 - 0 - (-456 + 452)).
-34
What is the value of (-7 - -30) + (-57 - (12 - 5))?
-41
Calculate 6 - -3 - (-12 + 7 - (-25 + 13)).
2
What is (-49 - (-54 + 46)) + -11?
-52
What is the value of (-5 - -26) + -14 + 0 + 8 - -37?
52
(-1 + -13 - (-44 + 38)) + (32 - (9 + -10))
25
4 - (-6 - (-34 - (2 - 20)))
-6
(5185 - 5315) + (-6 - -2)
-134
What is the value of 1 + 45 + (49 - 47 - (2 + -6))?
52
What is -35 - (6 + -6 + 2 - 6 - (58 + -51))?
-24
Calculate -89 + 172 + -49 - -74.
108
What is the value of (4 - 95) + (-1503 - -1558)?
-36
41 - 1 - (-1294 + 1302)
32
(13 - 1) + (-3751 - -3739)
0
Calculate -5 + (-1 - (-13 - -3)) - (69 - (12 - 24)).
-77
Evaluate (3 - 5) + (66 - 31 - -12).
45
-11 + (18 - (3 + 3 + -12 + 12)) + -8
-7
Evaluate (3 - (20 - (-7 + 0))) + -13 - -6.
-31
Evaluate 11 - (39 + (-9 - 17 - -12)).
-14
9 - (-344 + 354 - (7 + 1))
7
Evaluate (-112 - -150 - (-12 + 61)) + (138 - (0 + 0)).
127
(24 - 13) + -46 + (6 - -1 - (2 + -2))
-28
Evaluate (-349 - -318) + (7 - (45 - 3)).
-66
(58 - 94) + (24 - 3) - 40
-55
Evaluate 811 + -855 + (-13 - 4) + -2.
-63
262 - (75 - -159) - (0 + 18)
10
Calculate -97 - (-68 + (76 - 72)).
-33
-2 + -3 + -33 - (11 + (-1 - 13))
-35
What is -44 - ((-24 - -29) + -84)?
35
Evaluate 296 + -280 + -1 + -19 - -12 - 95.
-87
Calculate (-4 - (-4 + 7)) + (-34 - -88).
47
Calculate -9 + (-24 - (12 - 29) - 30).
-46
What is the value of (-80 - (11 - 2) - (-1 + -2)) + -391 + 394?
-83
-117 + (-112 - -285) + -13
43
What is the value of -1 - 23 - (930 + -954) - (-6 - (5 + -3))?
8
Evaluate (-12 - -2) + ((16 - 24) + 18 - 2 - -56).
54
Calculate -10 - 2 - (-1224 + 1253 + (-27 - 1)).
-13
(13 - ((-2 - 11 - -8) + 21)) + 13
10
Evaluate -14 + -9 + 18 + -4 + 11 - (-1 + 33).
-30
What is (1 - 22) + (-9 - (2 - 2))?
-30
23 + -38 - (-35 - (-10 + (18 - 12)))
16
What is (-816 - -795) + (78 - 5)?
52
-11 + 25 - (-6 + 11) - ((-47 - -1) + -1)
56
Evaluate -23 - (-43 + 0) - 44.
-24
Calculate 6 - 33 - (-5 + -10 + (11 - 16 - -19)).
-26
Evaluate 64 - ((40 - -9) + -71 + 28).
58
Calculate -6 + 32 + 6 - 26.
6
130 - (-4 + 15) - (1 - (-11 + -6))
101
What is -103 + (13 - (-143 - -48))?
5
Calculate (32 - -16) + -21 + 7.
34
Evaluate -48 + -47 + (218 - 8 - 17).
98
What is the value of 20 + (-95 - -79) - (-2 + 2 + -2 - 63)?
69
28 - (11 + (13 - 6)) - (34 + -5)
-19
What is (-15 - 7) + 43 - 39 - (-139 - 0)?
121
Evaluate (10 - (-4 - (-10 - -13)) - -3) + 51.
71
What is the value of -3 + -35 + 64 + 113 + -27?
112
Calculate -35 + 22 + 55 - 8.
34
82 - (-124 - -125) - 64
17
What is (8 - (7 - 4)) + (-43 - -88) + -71?
-21
-25 + 5 - (69 + 4 + 15 - 21)
-87
Calculate (16 - (-15 + (-17 - -23))) + -79 - 22.
-76
What is the value of 16 + (-3 - 25) - ((1 + 7 - 27) + 9)?
-2
What is 21 + 45 + -30 + -34?
2
What is the va